nd 4886.
698
Calculate the highest common factor of 517 and 3572.
47
What is the greatest common divisor of 3644 and 172?
4
Calculate the highest common divisor of 712 and 50730.
178
Calculate the greatest common divisor of 24255 and 35.
35
What is the greatest common divisor of 28 and 41504?
4
What is the highest common factor of 217485 and 537?
537
What is the highest common divisor of 17526731 and 67?
67
Calculate the highest common divisor of 7748135 and 223.
223
Calculate the greatest common factor of 152 and 3524.
4
What is the highest common divisor of 75 and 7395?
15
What is the greatest common divisor of 16 and 3251128?
8
What is the greatest common divisor of 20855 and 473?
43
Calculate the highest common factor of 85196 and 472.
236
What is the greatest common divisor of 253 and 80799?
23
Calculate the greatest common divisor of 3388 and 5557167.
847
Calculate the highest common divisor of 89285 and 84.
7
Calculate the greatest common factor of 18904 and 142336.
1112
Calculate the highest common factor of 36271 and 152.
19
Calculate the highest common factor of 116379 and 201.
201
Calculate the highest common factor of 68871 and 429.
33
Calculate the highest common factor of 85 and 1267503.
17
Calculate the greatest common factor of 394 and 1049222.
394
Calculate the greatest common factor of 52243 and 890.
89
What is the greatest common divisor of 10328 and 8?
8
What is the highest common divisor of 28931 and 42?
7
What is the highest common divisor of 40103 and 2737?
119
What is the highest common divisor of 624 and 47568?
48
Calculate the highest common divisor of 968 and 3600.
8
Calculate the greatest common factor of 81 and 942.
3
What is the highest common factor of 28732 and 3564?
44
Calculate the greatest common factor of 70975 and 1700.
425
What is the greatest common factor of 244023 and 195?
39
Calculate the highest common divisor of 6237 and 277992.
891
Calculate the greatest common divisor of 3545470 and 310.
310
Calculate the greatest common divisor of 4232 and 183563.
529
Calculate the greatest common divisor of 4221 and 2961.
63
Calculate the greatest common divisor of 3968 and 71672.
248
Calculate the highest common divisor of 60 and 72330.
30
What is the highest common divisor of 195 and 120?
15
Calculate the highest common factor of 99 and 22.
11
Calculate the highest common divisor of 8680 and 387345.
1085
Calculate the greatest common divisor of 247056 and 72.
24
Calculate the greatest common divisor of 373 and 2054.
1
What is the greatest common divisor of 97 and 936?
1
What is the greatest common divisor of 3402 and 2114?
14
What is the greatest common factor of 58875 and 1125?
375
Calculate the highest common divisor of 3965 and 671.
61
What is the highest common factor of 858 and 14079?
39
Calculate the greatest common divisor of 68876 and 1799.
257
Calculate the greatest common divisor of 8004168 and 1368.
1368
Calculate the highest common divisor of 63 and 481311.
9
What is the highest common factor of 116 and 818641?
29
Calculate the greatest common divisor of 51 and 81651.
51
Calculate the highest common factor of 164 and 4240958.
82
What is the greatest common factor of 62 and 1591726?
62
Calculate the greatest common divisor of 143 and 55033.
11
What is the greatest common factor of 2790 and 31338?
18
Calculate the highest common factor of 52 and 3822.
26
What is the greatest common factor of 3523 and 105419?
271
Calculate the greatest common factor of 90 and 74466.
18
What is the greatest common factor of 134144 and 48?
16
What is the highest common factor of 74166 and 517?
47
Calculate the highest common divisor of 1173 and 7701.
51
What is the highest common divisor of 52408 and 16?
8
Calculate the greatest common divisor of 70959 and 14.
7
Calculate the highest common factor of 1530 and 932535.
765
What is the greatest common factor of 492 and 66256?
164
Calculate the highest common divisor of 1026 and 172881.
513
Calculate the greatest common factor of 6346 and 1026.
38
Calculate the greatest common divisor of 186 and 11877092.
62
What is the greatest common divisor of 912 and 2983?
19
What is the greatest common divisor of 5940 and 2904?
132
What is the greatest common factor of 254056 and 88?
88
Calculate the highest common divisor of 12200 and 220.
20
Calculate the highest common factor of 9322 and 1106.
158
Calculate the greatest common factor of 946 and 64691.
11
Calculate the greatest common divisor of 1160692 and 2704.
676
What is the greatest common factor of 37596 and 12636?
156
What is the greatest common factor of 7175971 and 11?
11
Calculate the highest common divisor of 2954764 and 46.
46
Calculate the highest common factor of 6557 and 3713.
79
What is the greatest common factor of 1032 and 24036?
12
What is the highest common factor of 1420692 and 3822?
546
What is the greatest common factor of 895 and 345828?
179
Calculate the highest common divisor of 29516 and 5024.
628
What is the greatest common divisor of 34 and 1273827?
17
What is the highest common divisor of 29519 and 7?
7
Calculate the highest common factor of 17153 and 68.
17
What is the highest common factor of 6363 and 81?
9
What is the highest common factor of 1727 and 4873?
11
What is the greatest common divisor of 53 and 1260817?
53
What is the greatest common divisor of 445 and 979?
89
Calculate the highest common factor of 135535 and 80.
5
What is the highest common divisor of 4978 and 3838?
38
Calculate the highest common divisor of 6489 and 273.
21
What is the highest common factor of 116 and 2601358?
58
What is the highest common divisor of 3282 and 152066?
1094
Calculate the greatest common factor of 106 and 71762.
106
What is the highest common factor of 717 and 699?
3
What is the greatest common factor of 378 and 54702?
54
What is the highest common factor of 24 and 113496?
24
Calculate the highest common factor of 3350 and 2702110.
670
What is the greatest common factor of 180975 and 665?
95
What is the highest common divisor of 5944 and 432?
8
Calculate the greatest common factor of 28134 and 558.
18
What is the highest common factor of 1050 and 163380?
210
What is the greatest common divisor of 17713572 and 502?
502
Calculate the highest common factor of 45 and 49743.
9
Calculate the highest common factor of 2 and 201172.
2
What is the greatest common divisor of 98 and 3708075?
49
What is the greatest common divisor of 810 and 41670?
90
What is the highest common divisor of 210 and 13370?
70
Calculate the greatest common factor of 45 and 131715.
45
Calculate the highest common divisor of 63 and 363.
3
Calculate the greatest common divisor of 2968 and 125875.
53
Calculate the greatest common factor of 29900 and 32006.
26
What is the greatest common factor of 2587325 and 95?
95
Calculate the greatest common factor of 299 and 1560.
13
What is the greatest common divisor of 40 and 336992?
8
Calculate the highest common factor of 490437 and 9.
9
Calculate the highest common factor of 245276 and 85.
17
What is the greatest common divisor of 279 and 118863?
9
Calculate the greatest common factor of 2660 and 140315.
665
What is the greatest common factor of 73536 and 9?
3
Calculate the highest common divisor of 1080 and 78120.
360
Calculate the greatest common factor of 688 and 25776.
16
What is the greatest common factor of 420205 and 310?
155
What is the greatest common factor of 211071 and 1197?
399
What is the highest common factor of 1544 and 1000?
8
Calculate the greatest common factor of 16054 and 414.
46
What is the highest common divisor of 1564862 and 1732?
866
What is the highest common divisor of 1595 and 6435?
55
What is the greatest common factor of 2715 and 205797?
543
What is the greatest common factor of 93926 and 28?
14
Calculate the greatest common factor of 76352 and 32.
32
Calculate the highest common factor of 219618 and 21.
21
Calculate the greatest common factor of 15 and 1408515.
15
What is the greatest common factor of 38003 and 31171?
427
Calculate the greatest common divisor of 120 and 621510.
30
Calculate the greatest common factor of 241 and 2062960.
241
What is the highest common factor of 217874 and 410?
82
What is the greatest common divisor of 314883 and 26092?
593
What is the